 by b(21)?
3
Let b = -7 + 11. Suppose -b*x - x = -2*f - 11, -3*x = 4*f + 9. Calculate the remainder when 35 is divided by 11 + 2*f/(-6).
11
Suppose -107*v + 52 = -105*v. Let t = 89 - 13. Calculate the remainder when t is divided by v.
24
Suppose 5 = 3*a - 4*a. Let o(y) = 3*y**2 - 2*y + 1. Let k be o(1). Let r = k - a. What is the remainder when r is divided by 3?
1
Let t(l) = -l**3 + l**2 - l. Let n(j) = -11*j**3 + 5*j**2 - 5*j. Let u(h) = -n(h) + 6*t(h). What is the remainder when 14 is divided by u(1)?
4
Suppose q = 3*l + 42, -5*q + q + 5*l + 140 = 0. Suppose -f - a + q = 2*a, -a + 5 = 0. What is the remainder when 29 is divided by f?
14
Suppose -44 = -0*v - 4*v. Let a(t) = t**2 + 2*t - 3. Let g(i) = -i**3 + 4*i**2 + 3*i + 4. Let f be g(5). Calculate the remainder when a(f) is divided by v.
10
Let y(c) = -19*c - 6. Let o(k) = -2*k**2 - 3*k - 2. Let p be 2 + 2/(-2) + -3. Let i be o(p). What is the remainder when y(i) is divided by 18?
16
Let k(n) = -7*n**2 + 1. Let h be k(-1). Calculate the remainder when 8 is divided by (-2)/h + 24/9.
2
Let o = 1 - -2. What is the remainder when 34/12 - o/(-18) is divided by 2?
1
Let y be 3/(-12) + 293/4. Let f = y - 47. Let w = -11 + f. Calculate the remainder when 57 is divided by w.
12
Suppose 172 = 4*k - 3*o + 4*o, -3*k + 2*o = -140. What is the remainder when k is divided by 5?
4
Suppose 2*s = -3*a - 2 - 1, 0 = -3*s - 5*a - 6. Suppose 0 = s*w - 9, -2*w + 35 = -0*f + f. What is the remainder when f is divided by 10?
9
Suppose -3*v + 70 = 2*w - 7, -3*v + 62 = 5*w. Let i = v - 4. What is the remainder when 48 is divided by i?
23
Suppose -2*b = -6*b + 48. Let c(h) = -h**3 + 10*h**2 - 12*h + 34. What is the remainder when b is divided by c(9)?
5
Suppose 0 = -4*y + 4. Let q = 6 - y. Suppose 0 = -5*t + 3*z + 40, -5*z - 16 = -2*t - 0*t. Calculate the remainder when t is divided by q.
3
Suppose -n + 1 = -2*o + 27, 0 = -4*o - 2*n + 68. Let r = -29 - -37. Calculate the remainder when o is divided by r.
7
Let a = -4 + 1. Let x be a - (-15)/(0 - -1). What is the remainder when (-2)/(-3) - x/(-9) is divided by 1?
0
Let a = -48 - -30. Let i = a + 25. Suppose 0*s - 32 = -5*b - 4*s, 5*b - 2*s - 14 = 0. Calculate the remainder when i is divided by b.
3
Let m = -18 + 26. What is the remainder when 22 is divided by m?
6
Suppose 0 = r + 2*r - 3*g + 9, 4*g = 2*r + 8. Let l be ((1*-40)/r)/2. What is the remainder when l/(-5)*7/(-2) is divided by 5?
2
Suppose -3*v - 3*o + 19 = -v, 5 = -5*v + 3*o. Let q = 8 + -4. Calculate the remainder when q is divided by (-1)/v*-2 + 1.
0
Suppose 4*b - 15 = 73. Let a = 11 - 9. Suppose a*t + 5*r + 2 = -1, t = -4*r - 6. Calculate the remainder when b is divided by t.
4
Let c = -18 + 58. What is the remainder when 77 is divided by c?
37
Suppose 3*t - 5*t + 108 = 0. Let q = t + -38. What is the remainder when q is divided by 6?
4
Let o(x) = -16*x - 30. Let j(s) = 5*s + 10. Let q(d) = -10*j(d) - 3*o(d). Calculate the remainder when 14 is divided by q(-9).
6
Suppose 4*m + 3*x = 7*x + 12, x + 15 = 4*m. Suppose 10 + 175 = 5*n. Let v = n + m. Calculate the remainder when v is divided by 14.
13
Let n = -4 + 24. Let r = n + -14. What is the remainder when (-9)/r*16/(-6) is divided by 3?
1
Let i be 0*3/12*-2. Suppose i*q + 4*q - 64 = 0. What is the remainder when 46 is divided by q?
14
Suppose 0*n - 25 = -5*n, 4*b = 4*n + 180. What is the remainder when 149 is divided by b?
49
Let b(y) = 6*y**2 - 4. Let z be b(8). Suppose 7*s = 3*s + z. Calculate the remainder when s is divided by 32.
31
Suppose t + 1 = 5*i - 2, -30 = -4*t - i. Suppose 5*r = -4*p + 5, -3*r - 10 = 3*p + 2*p. Suppose -r*h + 41 = -89. What is the remainder when h is divided by t?
5
Suppose -4*b + 2*m = -3 - 19, 0 = -4*b - 2*m + 26. Suppose y = -b + 13. Let z(u) = u**2 + 2*u - 4. Calculate the remainder when y is divided by z(-4).
3
Let n = 1 + 1. Suppose -3*p - r - 327 = 0, -5*p - 2*r - 556 = -4*r. Calculate the remainder when n*(p/(-4) - 1) is divided by 18.
17
Calculate the remainder when 21 is divided by (-12)/(-2)*20/15.
5
Suppose 2*l + 57 = c - 3*l, 4*c - 3*l - 143 = 0. Suppose -3*m + 0*b = -3*b - 36, -5*m + 58 = -3*b. What is the remainder when c is divided by m?
10
Suppose 2*q - a - 64 = -3*a, 4*q + 3*a = 130. What is the remainder when q is divided by (12/14)/((-1)/(-14))?
10
Let p(h) = 9*h**2 - 2. Let k be p(-3). Let b = k - 46. Calculate the remainder when b is divided by ((-12)/(-2))/(2/3).
6
Calculate the remainder when 1 - (-50 + (3 - 2)) is divided by 14.
8
Let h(f) = f**2 + 11*f + 19. What is the remainder when 74 is divided by h(-11)?
17
Suppose -12*u - 32 = -14*u. Calculate the remainder when 57 is divided by u.
9
Suppose 166 + 131 = 3*b. Suppose d = 3*q - b, 206 - 39 = 5*q - d. What is the remainder when q is divided by 12?
10
Let v(o) = -o**3 + 6*o**2 - 5*o - 1. Let t be v(5). Calculate the remainder when 20/(-6)*3/(-2) is divided by 1*t + 4 + -1.
1
Suppose -2*q - q + 3 = 0. Suppose -5*z = -4 - q. What is the remainder when (-18)/(-14) + (-4)/14 is divided by z?
0
Suppose -2*p + 8 = 2*h, 3*p + 24 = 4*h - p. Calculate the remainder when 19 is divided by h.
4
Let v = 14 - 6. Let j = v - 3. Suppose j*b - 7 - 38 = 0. What is the remainder when b is divided by 6?
3
Let k = -66 + 124. What is the remainder when k is divided by 12?
10
Let v = 3 - -1. Let t be (1 + -1)/((-4)/v). Let s(g) = g**2 - g + 18. Calculate the remainder when s(t) is divided by 10.
8
Let a(k) = k**3 + k**2 + 3*k + 10. Calculate the remainder when 47 is divided by a(0).
7
Let x = -59 - -96. Suppose 3*n - 44 = -0*n + 5*b, -b = 5*n - 64. Calculate the remainder when x is divided by n.
11
Let q(z) = -4*z + 10. Calculate the remainder when q(-7) is divided by 15.
8
Let o = -55 + 194. What is the remainder when o is divided by 35?
34
Let g = 156 - 109. Let y = -11 - -33. Let s = y - 6. Calculate the remainder when g is divided by s.
15
Let t(s) = 2*s**2 + 4*s - 5. What is the remainder when t(-4) is divided by ((-12)/(-10))/((-81)/(-270))?
3
Let w = 55 - 47. What is the remainder when 21 is divided by w?
5
Suppose 2*q = 3*h + 47, 2*q - 3*h = -2*q + 85. What is the remainder when 303 is divided by q?
18
Let t = -27 + 33. What is the remainder when 29 is divided by t?
5
Let u(x) = -2*x - 2. Let c = -8 + 4. Calculate the remainder when u(c) is divided by ((-1)/(-1))/(2/8).
2
Let c = 62 + -36. Suppose c = 5*u + 1. Let v(d) = -d**3 - 2*d - 3. What is the remainder when v(-2) is divided by u?
4
Suppose 0 = -b + 16 - 1. What is the remainder when 4/(-5) + 1242/b is divided by 21?
19
Suppose 2*u - 20 = -2*u. What is the remainder when (-1)/((4/46)/(-2)) is divided by u?
3
Suppose 54 = j + 4. What is the remainder when j is divided by 26?
24
Calculate the remainder when 9 is divided by ((-18)/27)/((-2)/12).
1
Let c = -242 - -453. Suppose -4*u + 3*k + 157 = 0, 4*u - 2*k - 120 = 34. Suppose -u - c = -4*v. What is the remainder when v is divided by 16?
14
Let a(d) = -20*d - 36. Let h(n) = 4*n + 7. Let b(f) = 3*a(f) + 16*h(f). Calculate the remainder when 60 is divided by b(3).
12
Suppose 0 = 4*g + b - 117, -155 = -4*g - 4*b - 47. Calculate the remainder when 28 is divided by 2/(34/g - 1).
13
Let a = 17 - -4. What is the remainder when a is divided by 8?
5
Let h be (0 - 0)/(1/(-1)). Suppose h = n - 17 - 8. Suppose 4*s - 29 = -5*i, 5*i - n - 1 = -s. What is the remainder when 2 is divided by s?
0
Let k = 22 + 1. Let j(q) = 17*q**2 - 4*q. What is the remainder when k is divided by j(1)?
10
Suppose 2*f = -f + 6. Let o = 9 + -13. Let k = 0 - o. What is the remainder when k is divided by f?
0
Suppose 3*z + 2*z + 260 = 0. Let m = z + 78. What is the remainder when m is divided by 9?
8
Suppose -n + 5*n = 196. Let b = n + -32. What is the remainder when b*(-2 + (5 - 2)) is divided by 6?
5
Suppose 0 = a + 5*l - 11, 2*a - 50 = 7*a + 4*l. Let b = a + 29. Calculate the remainder when b is divided by 8.
7
Let q(c) = -c**3 - 9*c**2 - 8*c + 6. Let u(l) = l**2 - l + 1. Calculate the remainder when u(-4) is divided by q(-8).
3
Let t = 10 + -10. Suppose 2261 = 3*y - 5*c, t*c + 3747 = 5*y - 3*c. What is the remainder when 2/4 - y/(-18) is divided by 11?
9
Let y(v) = -16*v**3 + v**2 - v - 1. Calculate the remainder when 65 is divided by y(-1).
14
Suppose -7 - 14 = -3*a. Let b = 3 + a. What